 7
Let q(m) = -133*m**3 + 3*m**2 - 3*m - 2. List the prime factors of q(-2).
2, 3, 5
Let t = 434 + -251. Suppose -t = -5*v + 62. What are the prime factors of v?
7
Let x(w) = 5 + 40*w - 63*w + 8*w**2 + w**2 + w**3 + 9*w**2. What are the prime factors of x(-19)?
3
Suppose -6*c + 10 = -50. Suppose -537 = -c*a + 113. List the prime factors of a.
5, 13
Suppose 0 = 5*c - 3*c + 12. Let x = c + 20. What are the prime factors of x?
2, 7
Let o(x) = -331*x - 8. Let i be o(-8). List the prime factors of 5 - i/(-27) - (-2)/9.
103
Let m be 26/(-91) + 88/14. Suppose -1650 = -m*h - 9*h. What are the prime factors of h?
2, 5, 11
Suppose 0 = -24*h + 27*h - 1236. List the prime factors of h.
2, 103
Let k(q) = 3*q - 22. Let t be k(-5). Let b = -20 - t. List the prime factors of b.
17
Suppose 4*x - 10 - 18 = 0. Let k(w) = -w**2 + 8*w - 7. Let v be k(x). Suppose -c + 13 = 2*z, -13 = -5*z + 4*c - v. List the prime factors of z.
5
Suppose -15*n + 1157 = -3943. What are the prime factors of n?
2, 5, 17
Let u(h) be the second derivative of -h**3/3 - h**2/2 + 2*h. Let x be u(-2). Suppose x*s + 4*z = -3 + 25, s = -2*z + 6. List the prime factors of s.
2, 5
Let y = -279 - -456. Suppose 102 = u + 5*b, -3*b + 6 + y = 2*u. What are the prime factors of u?
3, 29
Let h(q) = -2*q - 3 + 3*q + 22 + 4 - q**2. Let u be h(0). Let w = 36 - u. What are the prime factors of w?
13
Let r(b) be the third derivative of -25*b**4/24 + b**3/6 - 4*b**2. Let z be r(-2). Let h = z - 31. List the prime factors of h.
2, 5
Suppose 4*v - 1063 = y, -5*y + 1196 = 5*v - 139. What are the prime factors of v?
2, 7, 19
Let u = 2632 + -1280. What are the prime factors of u?
2, 13
Let v(o) = 3*o**3 - 4*o**3 + 30 + 135*o - 14*o**2 - 120*o - 10. List the prime factors of v(-15).
2, 5
Let w = 257 + -175. Let h = 30 + -78. Let q = h + w. List the prime factors of q.
2, 17
Let b = -791 + 1416. Suppose 4*x - 4*p - 250 = 2*x, 0 = -5*x + 2*p + b. List the prime factors of x.
5
Let y be ((-574)/3)/((-8)/12). Let n = y + -128. What are the prime factors of n?
3, 53
Suppose 58*k - 211760 = 18*k. List the prime factors of k.
2, 2647
Let d be -9*(-2)/4*-14. Let a be (-27 + 14)*(-1)/(2/(-6)). Let s = a - d. List the prime factors of s.
2, 3
Suppose 7*a - 7 - 14 = 0. Let i be (2 - a)*(-34)/2. Suppose -i - 16 = -3*q. What are the prime factors of q?
11
Suppose 0 = -5*m + 4 + 11. Suppose 0 = -4*q + m*g + 258, 73 = 2*q - q - 5*g. What are the prime factors of q?
3, 7
Let m = -24 - -54. Suppose -3*r - 5*g - 10 = 0, -3*r + m = r - 2*g. Let t(c) = c**2 - c + 2. What are the prime factors of t(r)?
2, 11
Let m(q) = -124*q + 80. List the prime factors of m(-11).
2, 19
Suppose 0 = 5*a - 1207 + 82. Suppose -75 = 2*q - a. List the prime factors of q.
3, 5
Let g = 1848 + -1010. What are the prime factors of g?
2, 419
Let w = -753 - -1160. What are the prime factors of w?
11, 37
Let k(w) = -w**3 - 5*w**2 - w - 4. Let c be k(-5). Suppose -5*j - c + 26 = 0. Suppose 1 = -h + r + 59, j*h - 4*r - 288 = 0. What are the prime factors of h?
2, 7
Suppose -n = -2*q - 19 - 10, -4*q = 4*n - 152. Suppose -4*s - 173 = 4*o - 5*o, 0 = s - 3*o + n. Let l = s - -68. List the prime factors of l.
2, 3
Suppose -m - 426 = 5*l + 3*m, 2*m = 3*l + 238. Let f be 5 + (1 - 3) - l. Suppose -4*j + f = -7. List the prime factors of j.
23
Suppose 3*u - 210 = -0*u. Suppose -5*b - 4*c = u - 203, 20 = b + 3*c. What are the prime factors of b?
29
Let m = -33 - -37. Suppose -280 = -m*p - 4*f, 86 = 4*p - 5*f - 185. Let s = p + -18. What are the prime factors of s?
3, 17
Let q be (1 + -2)/((-2)/8). Suppose -5*f + 16 = q*i - 24, 0 = -3*i + 15. Suppose 6 = f*j - 3*j. What are the prime factors of j?
2, 3
What are the prime factors of (1*8/(-2))/((-4)/652)?
2, 163
Suppose -26*i = -10*i - 51056. List the prime factors of i.
3191
Let b = 73 + -39. Let j(t) = 60*t - 3. Let c be j(1). Let m = c - b. List the prime factors of m.
23
Let n(y) = 3 - 7 - 4*y + 0. Let m be n(-2). Suppose 64 - 12 = m*q. What are the prime factors of q?
13
Suppose 5*p = -2*r + 3546 + 127, 3*r - 5522 = 5*p. List the prime factors of r.
3, 613
Let x(a) = 3*a + 52. Let t be x(-16). Suppose t*y + 5*c - 1181 = 21, y = -5*c + 293. What are the prime factors of y?
3, 101
Suppose -10*p + 387 = -9*p. What are the prime factors of p?
3, 43
Let b(h) = 2*h**3 - 2*h**2 - h - 2. Let q be b(2). Suppose 4*w - q*g = 168, -5*w - g + 2*g = -190. List the prime factors of w.
37
Let m(w) = 92*w**2 - 4*w + 4. Let g be m(2). Suppose n = 2*d + 124, -g = -4*n + 4*d + 132. What are the prime factors of n?
2, 31
Let z be 97/(-8) + 3 + 1/8. Let u(a) = a**3 + 10*a**2 + 5*a + 1. List the prime factors of u(z).
37
Suppose -5*l - 10 = 3*r - 8*r, -15 = -5*l. Suppose 10 = -r*b + a, 0 = -4*b + 4*a - 0 - 8. What are the prime factors of -1 - (-15 + b - -3)?
13
Let d(a) = 6*a**2 - 2*a - 15. Let y be d(-7). Suppose 3*l + 41 = y. List the prime factors of l.
2, 3, 7
Suppose 3*m + j = -0*j - 207, -2*m = j + 137. Suppose 22 + 54 = -2*q. Let z = q - m. What are the prime factors of z?
2
Let d = -14 - -41. Let q = 15 + d. What are the prime factors of q?
2, 3, 7
Let c(h) = 2*h + 29. Let r be c(-12). Suppose 0*k - 2*k + 3*v + 64 = 0, -r*k = 5*v - 185. What are the prime factors of k?
5, 7
Let f = -20 + 24. Let j be f/(-8)*(1 - 15). Suppose -2*a + 97 - j = 0. What are the prime factors of a?
3, 5
Suppose -4*y = -m - 65, y + 3*y - 68 = 4*m. Let v(w) = 4*w + 20. List the prime factors of v(y).
2, 3, 7
Let o(z) = -152*z - 460. What are the prime factors of o(-17)?
2, 3, 59
Let x(p) = -249*p + 25. What are the prime factors of x(-2)?
523
Suppose 7*z = 2800 + 2226. What are the prime factors of z?
2, 359
Suppose 12 = 8*w - 2*w. Suppose y + 59 + 58 = w*k, 3*y - 162 = -3*k. List the prime factors of k.
3, 19
Let s(l) = -6*l**3 - 5*l**2 - 7. Let z(c) = c**3 + c**2 - 1. Let f(x) = -s(x) - 5*z(x). Let a be 0/(-1)*(8 - (5 + 4)). What are the prime factors of f(a)?
2, 3
Suppose 3*o + d + 1265 = 7*o, -4*o + 3*d + 1267 = 0. What are the prime factors of o?
2, 79
Suppose 0 = 4*p + 4*c - 152, -4*p + c + 127 = -20. Suppose -p = 5*n + 133. Let o = -11 - n. List the prime factors of o.
23
Let v(z) = 45*z - 6. Let m(o) = 9*o - 1. Let c(w) = 11*m(w) - 2*v(w). Let k(i) = -5*i - 1. Let t(s) = -4*c(s) - 10*k(s). What are the prime factors of t(4)?
2, 31
Let z(l) = -78*l + 14. List the prime factors of z(-4).
2, 163
Suppose -5*v - 7 = 4*q - 0*q, -2*v = -2*q - 8. Let o(z) = 105*z**3 + 2*z**2 - z - 1. What are the prime factors of o(v)?
3, 5, 7
Suppose 0 = -3*i + 831 + 201. List the prime factors of i.
2, 43
Let p = -1 + 3. Let y(v) = 10*v - 3. Let q be y(p). Suppose 3*f + 4*g - 24 = 27, f - 2*g = q. What are the prime factors of f?
17
Let v(q) = -q**3 - 4*q**2 - 5*q. Let j(x) = 30*x**2 - 33*x**2 + 3 - 2 - x**3 - 5*x. Let z(d) = -3*j(d) + 4*v(d). What are the prime factors of z(-7)?
2
Suppose -5*d + d - 64 = 0. Let g = -11 - d. Suppose -g*s + 205 - 50 = 0. List the prime factors of s.
31
Suppose -4*f + 2010 = i, i + 113 + 895 = 2*f. Suppose -4*n + f = 3*k, 0 = k + k - 10. List the prime factors of n.
2, 61
Suppose -w + 423 = -347. List the prime factors of w.
2, 5, 7, 11
Suppose 4*t - 1785 = -3*o, -o + 688 = 2*t - 203. List the prime factors of t.
2, 3, 37
Let a be ((-15)/(-10))/(1*(-9)/24). Let y = a + 8. List the prime factors of y.
2
Let k = -2 + 6. Suppose 58 = k*a - 22. Suppose 4*y + 0*y - 94 = -2*o, y = 3*o + a. List the prime factors of y.
23
Suppose a - 4 = -4*c + 13, -2*c = 4*a - 12. Suppose h = c*h - 18. Let q(s) = 2*s - 2. List the prime factors of q(h).
2, 5
Suppose 0 = -4*r + 3*y + 3861, 12*y + 2897 = 3*r + 10*y. List the prime factors of r.
3, 17, 19
Suppose -18*p = -11069 - 6949. What are the prime factors of p?
7, 11, 13
Let f(w) = -15*w**2 - w - 13. Let l(o) = 7*o**2 + 6. Let a(g) = 6*f(g) + 13*l(g). Let y be a(6). Let s = 5 + y. List the prime factors of s.
5
Let z = -13 + 14. Let f be -4 + z + (-63)/(-9). List the prime factors of f/(-8)*4 + 19.
17
Let c(h) be the second derivative of 19*h**3/3 + 5*h**2 + 30*h. What are the prime factors of c(3)?
2, 31
Let x be 107/7 - (-6)/(-21). Let h = 15 - x. Suppose 4*w - 6*w + 24 = h. List the prime factors of w.
2, 3
What are the prime factors of (86/215)/(2/1900*2)?
2, 5, 19
What are the prime factors of (5 + 